{"id":1713,"date":"2021-03-31T07:39:07","date_gmt":"2021-03-31T07:39:07","guid":{"rendered":"https:\/\/www.lukashotary.sk\/?page_id=1713"},"modified":"2021-05-04T07:18:20","modified_gmt":"2021-05-04T07:18:20","slug":"spojovaci-material","status":"publish","type":"page","link":"https:\/\/www.zipsernet.sk\/?page_id=1713","title":{"rendered":"Spojovac\u00ed materi\u00e1l"},"content":{"rendered":"\t\t<div data-elementor-type=\"wp-page\" data-elementor-id=\"1713\" class=\"elementor elementor-1713\" data-elementor-settings=\"[]\">\n\t\t\t\t\t\t\t<div class=\"elementor-section-wrap\">\n\t\t\t\t\t\t\t<section class=\"elementor-section elementor-top-section elementor-element elementor-element-e866143 animated-slow elementor-section-boxed elementor-section-height-default elementor-section-height-default elementor-invisible\" data-id=\"e866143\" data-element_type=\"section\" data-settings=\"{&quot;background_background&quot;:&quot;classic&quot;,&quot;animation&quot;:&quot;fadeIn&quot;}\">\n\t\t\t\t\t\t\t<div class=\"elementor-background-overlay\"><\/div>\n\t\t\t\t\t\t\t<div class=\"elementor-container elementor-column-gap-default\">\n\t\t\t\t\t<div class=\"elementor-column elementor-col-100 elementor-top-column elementor-element elementor-element-86a5237\" data-id=\"86a5237\" data-element_type=\"column\">\n\t\t\t<div class=\"elementor-widget-wrap elementor-element-populated\">\n\t\t\t\t\t\t\t\t<div class=\"elementor-element elementor-element-ad579f8 elementor-widget elementor-widget-heading\" data-id=\"ad579f8\" data-element_type=\"widget\" data-widget_type=\"heading.default\">\n\t\t\t\t<div class=\"elementor-widget-container\">\n\t\t\t<h2 class=\"elementor-heading-title elementor-size-default\">Spojovac\u00ed materi\u00e1l <\/h2>\t\t<\/div>\n\t\t\t\t<\/div>\n\t\t\t\t\t<\/div>\n\t\t<\/div>\n\t\t\t\t\t\t\t<\/div>\n\t\t<\/section>\n\t\t\t\t<section class=\"elementor-section elementor-top-section elementor-element elementor-element-baf26aa elementor-section-boxed elementor-section-height-default elementor-section-height-default\" data-id=\"baf26aa\" data-element_type=\"section\">\n\t\t\t\t\t\t<div class=\"elementor-container elementor-column-gap-default\">\n\t\t\t\t\t<div class=\"elementor-column elementor-col-100 elementor-top-column elementor-element elementor-element-4489fe3\" data-id=\"4489fe3\" data-element_type=\"column\">\n\t\t\t<div class=\"elementor-widget-wrap elementor-element-populated\">\n\t\t\t\t\t\t\t\t<section class=\"elementor-section elementor-inner-section elementor-element elementor-element-7997ea5 elementor-section-boxed elementor-section-height-default elementor-section-height-default\" data-id=\"7997ea5\" data-element_type=\"section\">\n\t\t\t\t\t\t<div class=\"elementor-container elementor-column-gap-default\">\n\t\t\t\t\t<div class=\"elementor-column elementor-col-50 elementor-inner-column elementor-element elementor-element-36b1caf\" data-id=\"36b1caf\" data-element_type=\"column\">\n\t\t\t<div class=\"elementor-widget-wrap elementor-element-populated\">\n\t\t\t\t\t\t\t\t<div class=\"elementor-element elementor-element-f8d76c2 animated-slow elementor-invisible elementor-widget elementor-widget-text-editor\" data-id=\"f8d76c2\" data-element_type=\"widget\" data-settings=\"{&quot;_animation&quot;:&quot;fadeInLeft&quot;}\" data-widget_type=\"text-editor.default\">\n\t\t\t\t<div class=\"elementor-widget-container\">\n\t\t\t\t\t\t\t\t<ul><li><h6>vr\u00faty do dreva<\/h6><\/li><\/ul>\t\t\t\t\t\t<\/div>\n\t\t\t\t<\/div>\n\t\t\t\t\t<\/div>\n\t\t<\/div>\n\t\t\t\t<div class=\"elementor-column elementor-col-50 elementor-inner-column elementor-element elementor-element-222c02d\" data-id=\"222c02d\" data-element_type=\"column\">\n\t\t\t<div class=\"elementor-widget-wrap elementor-element-populated\">\n\t\t\t\t\t\t\t\t<div class=\"elementor-element elementor-element-367baa4 animated-slow elementor-invisible elementor-widget elementor-widget-image\" data-id=\"367baa4\" data-element_type=\"widget\" data-settings=\"{&quot;_animation&quot;:&quot;fadeIn&quot;}\" data-widget_type=\"image.default\">\n\t\t\t\t<div class=\"elementor-widget-container\">\n\t\t\t\t\t\t\t\t\t\t\t\t\t\t\t<img width=\"300\" height=\"276\" src=\"https:\/\/www.zipsernet.sk\/wp-content\/uploads\/2021\/05\/SpectreAdvancedMulti-PurposeZincYellowPassivatedWoodScrew_49944a2a-0cc0-4378-a495-07c9b6b1be4a-300x276.png\" class=\"attachment-medium size-medium\" alt=\"\" decoding=\"async\" loading=\"lazy\" srcset=\"https:\/\/www.zipsernet.sk\/wp-content\/uploads\/2021\/05\/SpectreAdvancedMulti-PurposeZincYellowPassivatedWoodScrew_49944a2a-0cc0-4378-a495-07c9b6b1be4a-300x276.png 300w, https:\/\/www.zipsernet.sk\/wp-content\/uploads\/2021\/05\/SpectreAdvancedMulti-PurposeZincYellowPassivatedWoodScrew_49944a2a-0cc0-4378-a495-07c9b6b1be4a-1024x942.png 1024w, https:\/\/www.zipsernet.sk\/wp-content\/uploads\/2021\/05\/SpectreAdvancedMulti-PurposeZincYellowPassivatedWoodScrew_49944a2a-0cc0-4378-a495-07c9b6b1be4a-768x706.png 768w, https:\/\/www.zipsernet.sk\/wp-content\/uploads\/2021\/05\/SpectreAdvancedMulti-PurposeZincYellowPassivatedWoodScrew_49944a2a-0cc0-4378-a495-07c9b6b1be4a.png 1361w\" sizes=\"(max-width: 300px) 100vw, 300px\" \/>\t\t\t\t\t\t\t\t\t\t\t\t\t\t\t<\/div>\n\t\t\t\t<\/div>\n\t\t\t\t\t<\/div>\n\t\t<\/div>\n\t\t\t\t\t\t\t<\/div>\n\t\t<\/section>\n\t\t\t\t<section class=\"elementor-section elementor-inner-section elementor-element elementor-element-995ff9e elementor-section-boxed elementor-section-height-default elementor-section-height-default\" data-id=\"995ff9e\" data-element_type=\"section\">\n\t\t\t\t\t\t<div class=\"elementor-container elementor-column-gap-default\">\n\t\t\t\t\t<div class=\"elementor-column elementor-col-50 elementor-inner-column elementor-element elementor-element-189a939\" data-id=\"189a939\" data-element_type=\"column\">\n\t\t\t<div class=\"elementor-widget-wrap elementor-element-populated\">\n\t\t\t\t\t\t\t\t<div class=\"elementor-element elementor-element-e3c3e59 animated-slow elementor-invisible elementor-widget elementor-widget-text-editor\" data-id=\"e3c3e59\" data-element_type=\"widget\" data-settings=\"{&quot;_animation&quot;:&quot;fadeInLeft&quot;}\" data-widget_type=\"text-editor.default\">\n\t\t\t\t<div class=\"elementor-widget-container\">\n\t\t\t\t\t\t\t\t<ul><li><h5>natlkacie vr\u00faty<\/h5><\/li><\/ul>\t\t\t\t\t\t<\/div>\n\t\t\t\t<\/div>\n\t\t\t\t\t<\/div>\n\t\t<\/div>\n\t\t\t\t<div class=\"elementor-column elementor-col-50 elementor-inner-column elementor-element elementor-element-1dfd7d3\" data-id=\"1dfd7d3\" data-element_type=\"column\">\n\t\t\t<div class=\"elementor-widget-wrap elementor-element-populated\">\n\t\t\t\t\t\t\t\t<div class=\"elementor-element elementor-element-e77e37c animated-slow elementor-invisible elementor-widget elementor-widget-image\" data-id=\"e77e37c\" data-element_type=\"widget\" data-settings=\"{&quot;_animation&quot;:&quot;fadeIn&quot;}\" data-widget_type=\"image.default\">\n\t\t\t\t<div class=\"elementor-widget-container\">\n\t\t\t\t\t\t\t\t\t\t\t\t\t\t\t<img width=\"300\" height=\"300\" src=\"https:\/\/www.zipsernet.sk\/wp-content\/uploads\/2021\/05\/hn_4-300x300.jpg\" class=\"attachment-medium size-medium\" alt=\"\" decoding=\"async\" loading=\"lazy\" srcset=\"https:\/\/www.zipsernet.sk\/wp-content\/uploads\/2021\/05\/hn_4-300x300.jpg 300w, https:\/\/www.zipsernet.sk\/wp-content\/uploads\/2021\/05\/hn_4-1024x1024.jpg 1024w, https:\/\/www.zipsernet.sk\/wp-content\/uploads\/2021\/05\/hn_4-150x150.jpg 150w, https:\/\/www.zipsernet.sk\/wp-content\/uploads\/2021\/05\/hn_4-768x768.jpg 768w, https:\/\/www.zipsernet.sk\/wp-content\/uploads\/2021\/05\/hn_4.jpg 1200w\" sizes=\"(max-width: 300px) 100vw, 300px\" \/>\t\t\t\t\t\t\t\t\t\t\t\t\t\t\t<\/div>\n\t\t\t\t<\/div>\n\t\t\t\t\t<\/div>\n\t\t<\/div>\n\t\t\t\t\t\t\t<\/div>\n\t\t<\/section>\n\t\t\t\t<section class=\"elementor-section elementor-inner-section elementor-element elementor-element-48d3aed elementor-section-boxed elementor-section-height-default elementor-section-height-default\" data-id=\"48d3aed\" data-element_type=\"section\">\n\t\t\t\t\t\t<div class=\"elementor-container elementor-column-gap-default\">\n\t\t\t\t\t<div class=\"elementor-column elementor-col-50 elementor-inner-column elementor-element elementor-element-110ebe9\" data-id=\"110ebe9\" data-element_type=\"column\">\n\t\t\t<div class=\"elementor-widget-wrap elementor-element-populated\">\n\t\t\t\t\t\t\t\t<div class=\"elementor-element elementor-element-34bd472 elementor-invisible elementor-widget elementor-widget-text-editor\" data-id=\"34bd472\" data-element_type=\"widget\" data-settings=\"{&quot;_animation&quot;:&quot;fadeIn&quot;}\" data-widget_type=\"text-editor.default\">\n\t\t\t\t<div class=\"elementor-widget-container\">\n\t\t\t\t\t\t\t\t<ul><li><h5>hmo\u017ediny do sadrokartonu\u00a0<\/h5><\/li><\/ul>\t\t\t\t\t\t<\/div>\n\t\t\t\t<\/div>\n\t\t\t\t\t<\/div>\n\t\t<\/div>\n\t\t\t\t<div class=\"elementor-column elementor-col-50 elementor-inner-column elementor-element elementor-element-311dbcd\" data-id=\"311dbcd\" data-element_type=\"column\">\n\t\t\t<div class=\"elementor-widget-wrap elementor-element-populated\">\n\t\t\t\t\t\t\t\t<div class=\"elementor-element elementor-element-a8fb3b1 animated-slow elementor-invisible elementor-widget elementor-widget-image\" data-id=\"a8fb3b1\" data-element_type=\"widget\" data-settings=\"{&quot;_animation&quot;:&quot;fadeIn&quot;}\" data-widget_type=\"image.default\">\n\t\t\t\t<div class=\"elementor-widget-container\">\n\t\t\t\t\t\t\t\t\t\t\t\t\t\t\t<img width=\"300\" height=\"300\" src=\"https:\/\/www.zipsernet.sk\/wp-content\/uploads\/2021\/05\/9007_w700_h700-300x300.jpg\" class=\"attachment-medium size-medium\" alt=\"\" decoding=\"async\" loading=\"lazy\" srcset=\"https:\/\/www.zipsernet.sk\/wp-content\/uploads\/2021\/05\/9007_w700_h700-300x300.jpg 300w, https:\/\/www.zipsernet.sk\/wp-content\/uploads\/2021\/05\/9007_w700_h700-150x150.jpg 150w, https:\/\/www.zipsernet.sk\/wp-content\/uploads\/2021\/05\/9007_w700_h700.jpg 700w\" sizes=\"(max-width: 300px) 100vw, 300px\" \/>\t\t\t\t\t\t\t\t\t\t\t\t\t\t\t<\/div>\n\t\t\t\t<\/div>\n\t\t\t\t\t<\/div>\n\t\t<\/div>\n\t\t\t\t\t\t\t<\/div>\n\t\t<\/section>\n\t\t\t\t<section class=\"elementor-section elementor-inner-section elementor-element elementor-element-1449031 elementor-section-boxed elementor-section-height-default elementor-section-height-default\" data-id=\"1449031\" data-element_type=\"section\">\n\t\t\t\t\t\t<div class=\"elementor-container elementor-column-gap-default\">\n\t\t\t\t\t<div class=\"elementor-column elementor-col-50 elementor-inner-column elementor-element elementor-element-d9bd72c\" data-id=\"d9bd72c\" data-element_type=\"column\">\n\t\t\t<div class=\"elementor-widget-wrap elementor-element-populated\">\n\t\t\t\t\t\t\t\t<div class=\"elementor-element elementor-element-1606093 animated-slow elementor-invisible elementor-widget elementor-widget-text-editor\" data-id=\"1606093\" data-element_type=\"widget\" data-settings=\"{&quot;_animation&quot;:&quot;fadeIn&quot;}\" data-widget_type=\"text-editor.default\">\n\t\t\t\t<div class=\"elementor-widget-container\">\n\t\t\t\t\t\t\t\t<ul><li><h5>z\u00e1vitov\u00e9 ty\u010de<\/h5><\/li><\/ul>\t\t\t\t\t\t<\/div>\n\t\t\t\t<\/div>\n\t\t\t\t\t<\/div>\n\t\t<\/div>\n\t\t\t\t<div class=\"elementor-column elementor-col-50 elementor-inner-column elementor-element elementor-element-8418a29\" data-id=\"8418a29\" data-element_type=\"column\">\n\t\t\t<div class=\"elementor-widget-wrap elementor-element-populated\">\n\t\t\t\t\t\t\t\t<div class=\"elementor-element elementor-element-ef66e16 animated-slow elementor-invisible elementor-widget elementor-widget-image\" data-id=\"ef66e16\" data-element_type=\"widget\" data-settings=\"{&quot;_animation&quot;:&quot;fadeIn&quot;}\" data-widget_type=\"image.default\">\n\t\t\t\t<div class=\"elementor-widget-container\">\n\t\t\t\t\t\t\t\t\t\t\t\t\t\t\t<img width=\"300\" height=\"240\" src=\"https:\/\/www.zipsernet.sk\/wp-content\/uploads\/2021\/05\/DV_8_4279648_02_4c_SK_20200107074651-300x240.jpg\" class=\"attachment-medium size-medium\" alt=\"\" decoding=\"async\" loading=\"lazy\" srcset=\"https:\/\/www.zipsernet.sk\/wp-content\/uploads\/2021\/05\/DV_8_4279648_02_4c_SK_20200107074651-300x240.jpg 300w, https:\/\/www.zipsernet.sk\/wp-content\/uploads\/2021\/05\/DV_8_4279648_02_4c_SK_20200107074651.jpg 500w\" sizes=\"(max-width: 300px) 100vw, 300px\" \/>\t\t\t\t\t\t\t\t\t\t\t\t\t\t\t<\/div>\n\t\t\t\t<\/div>\n\t\t\t\t\t<\/div>\n\t\t<\/div>\n\t\t\t\t\t\t\t<\/div>\n\t\t<\/section>\n\t\t\t\t\t<\/div>\n\t\t<\/div>\n\t\t\t\t\t\t\t<\/div>\n\t\t<\/section>\n\t\t\t\t\t\t<\/div>\n\t\t\t\t\t<\/div>\n\t\t","protected":false},"excerpt":{"rendered":"<p>Spojovac\u00ed materi\u00e1l vr\u00faty do dreva natlkacie vr\u00faty hmo\u017ediny do sadrokartonu\u00a0 z\u00e1vitov\u00e9 ty\u010de<\/p>\n","protected":false},"author":1,"featured_media":0,"parent":0,"menu_order":0,"comment_status":"closed","ping_status":"closed","template":"","meta":[],"_links":{"self":[{"href":"https:\/\/www.zipsernet.sk\/index.php?rest_route=\/wp\/v2\/pages\/1713"}],"collection":[{"href":"https:\/\/www.zipsernet.sk\/index.php?rest_route=\/wp\/v2\/pages"}],"about":[{"href":"https:\/\/www.zipsernet.sk\/index.php?rest_route=\/wp\/v2\/types\/page"}],"author":[{"embeddable":true,"href":"https:\/\/www.zipsernet.sk\/index.php?rest_route=\/wp\/v2\/users\/1"}],"replies":[{"embeddable":true,"href":"https:\/\/www.zipsernet.sk\/index.php?rest_route=%2Fwp%2Fv2%2Fcomments&post=1713"}],"version-history":[{"count":55,"href":"https:\/\/www.zipsernet.sk\/index.php?rest_route=\/wp\/v2\/pages\/1713\/revisions"}],"predecessor-version":[{"id":2374,"href":"https:\/\/www.zipsernet.sk\/index.php?rest_route=\/wp\/v2\/pages\/1713\/revisions\/2374"}],"wp:attachment":[{"href":"https:\/\/www.zipsernet.sk\/index.php?rest_route=%2Fwp%2Fv2%2Fmedia&parent=1713"}],"curies":[{"name":"wp","href":"https:\/\/api.w.org\/{rel}","templated":true}]}}